at is v(-10)?
86
Let m(d) = -22*d + 101. Calculate m(0).
101
Let q(j) = -j**3 + 25*j**2 - 25*j - 75. Determine q(24).
-99
Let p(j) = -j**3 - 33*j**2 - 15*j + 473. Calculate p(-32).
-71
Let d(j) = 2*j**2 - 50*j - 368. What is d(27)?
-260
Let b(i) = -i**3 - 9*i**2 + 10*i + 93. Determine b(-9).
3
Let s(p) = -p**3 + 59*p**2 - 817*p - 81. Determine s(23).
172
Let g(k) = 377*k - 1129. What is g(3)?
2
Let z(m) = -m**3 + 29*m**2 - 23*m - 128. What is z(28)?
12
Let d(l) = 3*l**3 - 2*l**2 - 106*l + 107. Determine d(1).
2
Let g(k) = 4*k**3 - 16*k**2 + 3*k - 6. Give g(4).
6
Let r(k) = -2*k**3 + 19*k**2 - 16*k + 7. What is r(10)?
-253
Let f(x) = -63*x**3 + 10*x**2 - 6*x - 4. What is f(1)?
-63
Let w(x) = -29*x + 2120. Give w(72).
32
Let o(u) = u**2 + 921*u + 17143. Calculate o(-19).
5
Let l(z) = z + 52. Give l(-60).
-8
Let s(a) = -139*a - 2091. Give s(-15).
-6
Let n(s) = 246*s - 8111. Calculate n(33).
7
Let p(h) = h**3 - 24*h**2 - 34*h + 232. What is p(25)?
7
Let m(l) = 2*l**2 + 11*l + 15. Calculate m(-4).
3
Let w(t) = -2*t**2 - 32*t + 237. What is w(-21)?
27
Let s(b) = 513*b - 2373. What is s(5)?
192
Let h(u) = -134*u**3 - 2*u**2 + u + 3. Determine h(-1).
134
Let v(b) = -b**3 + 135*b**2 + 194*b + 10936. Calculate v(137).
-24
Let l(f) = -f**3 - 5*f**2 + 12*f + 79. What is l(-4)?
15
Let u(i) = 2*i**2 - 137*i - 888. Determine u(-6).
6
Let f(j) = 4*j**3 + 135*j**2 + 501*j - 1. Determine f(-4).
-101
Let s(r) = -r - 90. Determine s(-3).
-87
Let c(y) = 25*y - 281. Determine c(11).
-6
Let b(s) = 3*s**2 - 72*s - 416. What is b(-5)?
19
Let p(k) = -2*k**2 - 11*k + 108. Calculate p(0).
108
Let y(d) = d**3 - 26*d**2 - 72*d + 457. Give y(28).
9
Let n(z) = 3*z**2 + 357*z + 709. What is n(-2)?
7
Let x(b) = b**3 - 19*b**2 - 5*b - 177. Determine x(21).
600
Let c(p) = 3*p - 412. What is c(6)?
-394
Let d(k) = -13*k - 194. Determine d(-3).
-155
Let y(d) = 2*d**2 + 9*d - 90. Give y(-13).
131
Let b(o) = -20*o + 73. What is b(7)?
-67
Let j(z) = z**3 + 20*z**2 + 8*z + 143. What is j(-20)?
-17
Let f(s) = s**2 - 2*s - 217. What is f(17)?
38
Let n(o) = o**2 + 13*o + 35. What is n(-10)?
5
Let h(q) = -q**2 - 15*q - 41. Determine h(-13).
-15
Let d(r) = 63*r - 148. Determine d(-5).
-463
Let s(d) = 2*d**3 + 37*d**2 + 22*d + 404. Calculate s(-18).
332
Let k(w) = 2*w**2 + 26*w + 81. Determine k(-8).
1
Let o(y) = -2*y**3 - y**2 + 17*y + 22. Calculate o(-3).
16
Let d(z) = 13*z**2 + 226*z - 73. What is d(-19)?
326
Let z(t) = 15829*t + 63313. Calculate z(-4).
-3
Let x(t) = -12*t**2 + 169*t - 5. Give x(14).
9
Let t(k) = -2*k**3 - 24*k**2 + 111*k + 1338. Give t(-12).
6
Let l(i) = -i**2 - 22*i + 98. Calculate l(-20).
138
Let j(d) = d**3 + 8*d**2 - 403*d + 15. Give j(0).
15
Let n(p) = 22*p**2 - 1823*p - 247. Give n(83).
2
Let g(d) = -2*d**2 - 94*d - 189. Give g(-43).
155
Let c(l) = 6*l**2 + 20*l - 35. What is c(-4)?
-19
Let r(k) = -k**3 + 29*k**2 - 111*k + 1536. What is r(27)?
-3
Let u(o) = 2*o + 23. Determine u(-6).
11
Let j(n) = 2*n**2 + 50*n - 1939. Calculate j(21).
-7
Let q(y) = 3*y**2 - 47*y - 536. Give q(-8).
32
Let y(i) = -9*i + 38. Determine y(12).
-70
Let x(c) = 2*c**2 + 613*c + 25491. Calculate x(-257).
48
Let o(g) = g**3 - 19*g**2 - 120*g + 642. Determine o(23).
-2
Let j(g) = -3*g**3 + 32*g**2 - 24*g + 2. Give j(10).
-38
Let l(w) = w**2 + 37*w - 270. Calculate l(-39).
-192
Let b(d) = -37*d + 188. Calculate b(5).
3
Let u(h) = 155*h - 45726. Give u(295).
-1
Let w(t) = 69*t**2 - 1794*t - 13. What is w(26)?
-13
Let x(g) = 37*g**3 - 2*g**2 - 113*g - 113. What is x(-1)?
-39
Let c(k) = -255*k + 3296. Determine c(13).
-19
Let t(g) = 33*g - 1157. Calculate t(35).
-2
Let r(o) = 3*o**2 + 138*o + 998. Determine r(-37).
-1
Let t(z) = -z**2 + 2*z + 62. Determine t(0).
62
Let b(x) = 2*x**3 - 307*x**2 - 146*x - 1231. Give b(154).
1
Let x(z) = -z - 40. Calculate x(-34).
-6
Let h(d) = d**3 - 8*d**2 - 35*d + 187. Calculate h(8).
-93
Let i(c) = -340*c - 33982. Give i(-100).
18
Let i(f) = 23*f**3 - 5*f**2 + 12*f - 21. Calculate i(2).
167
Let r(w) = w**3 - 65*w**2 - 663*w + 21. Determine r(-9).
-6
Let q(d) = -94*d - 284. What is q(-4)?
92
Let t(v) = 2*v**3 + 9*v**2 + 18*v - 4. What is t(-4)?
-60
Let l(v) = 2*v**2 + 28*v + 84. Calculate l(-7).
-14
Let v(h) = h**3 - 63*h**2 + 64*h - 138. Calculate v(62).
-14
Let y(w) = 108*w**2 + 6*w + 1. Calculate y(2).
445
Let n(c) = 11*c**3 + 2*c**2 + 19*c + 17. Calculate n(-1).
-11
Let j(y) = -111*y + 1586. Give j(12).
254
Let z(d) = 2*d**2 + 54*d - 15. Calculate z(0).
-15
Let y(k) = -128*k**2 - 385*k + 3. Determine y(-3).
6
Let l(k) = k**3 + 4*k**2 - 11*k + 25. Calculate l(4).
109
Let a(k) = -k**3 + 59*k**2 + 61*k - 203. Give a(60).
-143
Let l(a) = -a**2 - 24*a - 48. Determine l(-14).
92
Let m(t) = -81*t**3 + 4*t**2 + 14*t + 3. Give m(-2).
639
Let i(m) = 23*m**2 - 436*m - 27. Give i(19).
-8
Let v(x) = x**3 - 8*x**2 - 218*x + 1402. Determine v(6).
22
Let z(o) = -19*o + 68. Determine z(2).
30
Let j(p) = -9*p**3 - 61*p**2 + p. Determine j(-7).
91
Let r(z) = -30*z + 1896. Determine r(67).
-114
Let i(o) = -2*o**3 - 49*o**2 + 140*o + 133. Determine i(-27).
-2
Let b(d) = 2*d**2 + 12*d - 45. What is b(-14)?
179
Let h(a) = 2*a**3 - 155*a**2 + 219*a + 668. Determine h(76).
-16
Let v(o) = 10*o**3 + 3*o**2 + 8*o + 6. Determine v(-2).
-78
Let m(g) = 297*g + 51383. Give m(-173).
2
Let j(c) = -c**2 + 18*c + 264. Determine j(-10).
-16
Let f(h) = h**3 - 72*h**2 + 210*h - 80. Calculate f(69).
127
Let r(k) = -44*k + 1497. What is r(34)?
1
Let s(u) = -33*u - 211. Determine s(-6).
-13
Let h(m) = -4*m - 254. Calculate h(-32).
-126
Let g(h) = h**2 - 3146*h + 9425. Give g(3).
-4
Let o(w) = 320*w + 642. What is o(-2)?
2
Let y(d) = d**3 - 12*d**2 - 138*d - 29. Give y(-7).
6
Let j(d) = -d**2 + 38*d + 139. Determine j(41).
16
Let g(s) = -242*s + 25885. Calculate g(107).
-9
Let h(c) = 10*c**3 - 2*c**2 - c. What is h(2)?
70
Let h(x) = 25*x - 66. Give h(3).
9
Let z(m) = 2*m**2 + 4739*m + 28358. Give z(-6).
-4
Let c(b) = -19*b + 802. Calculate c(57).
-281
Let v(j) = 316*j + 6. Calculate v(1).
322
Let f(w) = 10*w**2 + 25*w + 103. Give f(-4).
163
Let u(q) = -q**3 - 10*q**2 + 3*q - 97. Determine u(-11).
-9
Let h(n) = -4*n - 91. What is h(20)?
-171
Let o(c) = -2*c**2 - 9*c - 77. Give o(-11).
-220
Let z(v) = -43*v**2 - 3*v + 20. Determine z(2).
-158
Let x(n) = n**2 + 15*n - 1846. What is x(-51)?
-10
Let z(v) = -4*v - 11. Calculate z(-12).
37
Let q(j) = -9*j**2 - 83*j - 45. Give q(-9).
-27
Let o(r) = 2*r**3 + 13*r**2 - 7*r - 15. Calculate o(-6).
63
Let t(g) = -g**3 + 51*g**2 - 56*g + 321. Give t(50).
21
Let b(z) = -26*z - 63. What is b(1)?
-89
Let i(t) = t**2 - 101*t - 4592. What is i(135)?
-2
Let u(n) = -2*n**2 + 11*n + 309. What is u(-11)?
-54
Let j(o) = -o**3 - 23*o**2 + 61*o - 19. What is j(-26)?
423
Let y(q) = 44*q - 1251. Determine y(32).
157
Let l(a) = a**2 - 95*a - 1606. What is l(-15)?
44
Let x(t) = t**2 + 25*t + 153. Give x(-17).
17
Let n(s) = -9*s**2 - 77*s + 61. Give n(-9).
25
Let v(z) = -5*z + 21. What is v(4)?
1
Let g(c) = 3724*c - 11179. Calculate g(3).
-7
Let n(v) = 52*v + 201. What is n(6)?
513
Let t(l) = l**3 - 66*l**2 - 63*l - 302. Give t(67).
-34
Let q(a) = -3*a**3 - 52*a**2 + 30*a - 68. What is q(-18)?
40
Let d(y) = 14*y - 601. Give d(46).
43
Let l(q) = -75*q + 1939. Determine l(26).
-11
Let n(h) = 2*h**3 - 43*h**2 - h - 18. Calculate n(0).
-18
Let t(a) = -492*a - 3350. Give t(-7).
94
Let v(g) = 2*g**2 + 16*g + 2. Calculate v(-7).
-12
Let o(u) = -u**3 + 13*u**2 - 61*u + 234. Determine o(9).
9
Let b(s) = s**3 + 17*s**2 - 7*s - 348. Calculate b(-5).
-13
Let k(j) = -j**3 + 83*j**2 - 83*j + 37. Determine k(82).
-45
Let k(w) = 13*w**3 - 885*w**2 + 49*w + 1286. Determine k(68).
-6
Let r(f) = -f**3 - 11*f**2 - 8*f + 81. What is r(-9)?
-9
Let r(i) = 78*i**2 + 77*i + 204. What is r(-3)?
675
Let v(t) = -t**3 - 8*t**2 + 11*t - 31. Calculate v(-7).
-157
Let p(g) = 5156*g - 25782. Calculate p(5).
-2
Let b(r) = -9844*r - 68912. What is b(-7)?
-4
Let j(x) = -x**2 - 29*x + 53. Determine j(-30).
23
Let j(v) = -3*v**2 + 182*v - 2181. Calculate j(17).
46
Let k(p) = p**3 - 12*p**2 + 39*p - 2. Determine k(7).
26
Let c(m) = -39*m**2 - 455*m - 662. Calculate c(-10).
-12
Let g(b) = -11*b**2 - 265*b - 265. Determine g(-1).
-11
Let y(v) = -1385*v + 5552. Give y(4).
12
Let a(j) = 16*j - 30. Give a(-4).
-94
Let 